 (-21 - (-18 + 11)).
-38
What is the value of 14 - 3 - -4 - (38 - 101 - -120)?
-42
Evaluate 97 + -54 + (26 - 24) + 14.
59
What is the value of -3 + 139 + 5 - (-638 + 647)?
132
What is (1 - (6 + -2)) + (-2 - (-7 - 10)) + -6?
6
Calculate 18 - (3675 - 3681 - ((1 - 0) + 22)).
47
What is (-1 - -15 - (-232 + 266)) + 15 - 76?
-81
Evaluate 9 + -5 + (-11 + 17 + 6 - -25).
41
What is -1125 + 1131 + (0 - (-2 - -5)) + 0 + -87?
-84
3 - (100 - (78 - 1))
-20
What is the value of (-49 + 42 - -28) + 12?
33
What is the value of -86 + 71 + -159 + 107?
-67
(34 - -10) + (-152 - -79)
-29
Calculate (-54 - (-33 - -24)) + 62.
17
Calculate -1 - (-19 + 27 - 28) - 1.
18
51 - (1 - 3 - (89 - (16 + 70)))
56
(-19 - (-66 + 11)) + -73
-37
Calculate (27 - (18 - (14 - 3))) + 16.
36
What is the value of 60 + (22 + -33 - 12) + (1 - 3)?
35
What is the value of (-75 - (11 + (10 - 24) + -4)) + (4 - 4)?
-68
(2 + 0 - 20 - -25 - 15) + (95 - -1)
88
What is -3 - (-43 + (-3 + 1 - 6) + (-157 - -154))?
51
Calculate -5 - (-1110 + 1137 + (-1 - -22)).
-53
What is the value of -18 - (22 - (107 - -3 - 19))?
51
What is the value of (-1 - 2) + -1 - (27 + -9 + -27 + 68)?
-63
98 + (-14 - 30) - 64
-10
What is 52 - 53 - (0 + 20) - -10 - (-44 - -19)?
14
Evaluate 7 + 0 - (3 + (-14 - -2) + -3 + -10).
29
Calculate -36 + 47 + 3 - 11.
3
What is the value of (-19 - (-11 + -10 - -4)) + 1 + 11?
10
-43 + (7 - (3 + -12 + -3 + 10))
-34
Evaluate -15 + 3 + (2719 - 2742).
-35
81 + 0 + (1177 - 1171 - (0 + 2 - -5))
80
-3 + 15 + (17 - 4) + -17 + 76 - 0
84
Calculate 7 - -53 - (1 + -3).
62
What is the value of -14 + (-21 - -5 - -73 - 22)?
21
What is the value of 16 + -106 + (58 - -53)?
21
Evaluate 10 + 1 - (0 - 5 - (-3 + -8)) - 137.
-132
What is -44 + 151 + -17 + -41?
49
Calculate -24 + (18 + 1 + -35 - -5).
-35
What is the value of (9 + -64 - -28 - -18) + 44?
35
Evaluate -16 + 43 - 0 - -6.
33
What is (30 + -26 - (5 - 37)) + 58?
94
Calculate (7 - 14) + (23 - 4) - (67 + (-7 - -6)).
-54
What is the value of -2 + -4 + ((2 + -15 - -3) + 6 - -2)?
-8
What is -7 - (-2 - -10 - (33 - 6 - 26))?
-14
23 - 4 - 72 - -68
15
What is the value of (8 + -15 - 27) + (2 - 1) + (97 - 93)?
-29
What is the value of (140 - (7 - (-1 + -16))) + 1?
117
Evaluate 36 + 36 - (39 + (9 - 21)).
45
Evaluate 204 + -1 - (-4282 - -4392).
93
2 + 63 + (-207 - -209) + (-1 - (-1 - -4))
63
What is (-1 + -4 + -1 - -18) + -2 + -25?
-15
(-1 - (8 - 15)) + (39 - (0 + -8))
53
What is (-6674 - -6673) + (-1 - -35)?
33
What is the value of -2 - (1 - (11 - 15 - 16))?
-23
Evaluate -107 + 3 - -82 - (2 - (-1 + -12)).
-37
Calculate 25 + (-66 - (-80 - -39)) - (44 + -1).
-43
What is the value of 24 + (-39 - -2) + -40 + 57?
4
What is the value of 41 - (-96 - -180 - 55)?
12
9 + -1 + (15 - 1 - 32 - -90)
80
What is 14 - (-29 + -27 + (11 - -14))?
45
What is (-7 + -1 - -9) + -6 + -4 - -52?
43
Calculate 5 - (-83 - (-13 - -4 - 15)).
64
What is the value of (31 - (-18 + 17 - -28)) + 2 + 7 + 2?
15
Evaluate 4282 + -4327 - (-15 + 1).
-31
What is 163 - 96 - (1 - (0 + 7)) - 0?
73
27 + -201 + 108 + 50
-16
Evaluate 47 + -51 - (2 + 2) - 30.
-38
What is the value of -9 + -18 + (-3 - (-12 - (7 - (-8 + 33))))?
-36
Evaluate -5 + -1 + (33 - 20) - (67 - (3 - 0)).
-57
(-3 + 6 - 21) + 480 + -473
-11
Evaluate -348 + 464 - (21 + -38).
133
What is -3 + 15 + (55 - 68) + -3 + 1?
-3
Evaluate -21 - -1 - ((0 - (-8 + 15) - 6) + 6).
-13
Calculate -2 + 12 + (5 - 17) - (-1 - 6) - -20.
25
Calculate 0 + -47 + 128 + -116 - 45.
-80
Evaluate 14366 + -14304 - (124 + 0).
-62
Evaluate 3 + 15 + (-2 + 68 - (-1019 + 1052)).
51
What is -2 + 3 - (54 - (56 - 14)) - -9?
-2
What is 135 - 50 - (-24 - -111)?
-2
-133 + (1 + 12 - 9) - (46 - 57)
-118
Evaluate (4 - 49) + (-7 - -5) - -18.
-29
What is the value of 5 + -2 + -95 - (151 + -181)?
-62
((-38 - (-29 + 11)) + (7 - 2) - 14) + -13
-42
Evaluate -16 + 10 - (4 + (0 - 4) + (83 - 96)).
7
What is -572 + 546 - (12 + -4 - -33)?
-67
Calculate -27 + (-13 + 50 + -20 - 27).
-37
What is 131 + -78 + (-37 - 12)?
4
Evaluate (2 - ((-83 - -13) + 3)) + -7 + 1.
63
-202 + 225 - (3 + 4 - 1)
17
88 + -91 + -2 + -18 + 40
17
Evaluate (3 - -11 - 16) + (100 - 52).
46
What is the value of (-1 - (11 + -8 + -4)) + 12 + -60?
-48
Calculate 17 + -3 + 8 - (9 - 15) - 6.
22
-23 + 72 + -33 + -69 + -5 - 5
-63
What is (-72 - (-77 - -63)) + 56?
-2
What is the value of 23 + -36 + -6 - (-5 + 4 + -2)?
-16
What is 26 + -56 + 81 + -40?
11
What is 1 + -36 - (-17 + 21 + -35 + 23)?
-27
What is the value of (-11 - (-31 - -7) - ((-104 - 2) + -1)) + -8?
112
Calculate -10 + 34 + -12 + -18 + 68.
62
Calculate 6 + 31 - 27 - 6 - 41.
-37
What is the value of 6 + 0 + 2 - (-120 + (183 - 89))?
34
What is the value of 1 + 6 - (10 + -23 + 20 + 6) - -25?
19
-1 + 7 + 31 + -46 - (6 - -1)
-16
Evaluate -32 + (-9 - (-22 - 6)).
-13
Evaluate 1 + (-41 - -95) + -42.
13
Calculate 5 - (0 - 10) - (1292 - 1298).
21
Evaluate -9 - (53 + -23) - -42.
3
What is -72 + -22 + 90 - 85?
-89
14 - (21 + (11 - (-12 + 24) - 3))
-3
1495 + -1532 - ((1 - -2) + -16)
-24
Calculate -9 + -19 - (1 + 8 + (568 - 575)).
-30
(-56 - ((30 - 37) + -61)) + 1 + (1 - -1)
15
Evaluate 139 + (-45 - (-23 - -14 - 1)).
104
-54 - (-5 - (24 - -18))
-7
What is -36 + (1 + 15 - 9) + 13?
-16
Evaluate (-3 - 0 - (2 - 1)) + -84 + (146 - 85).
-27
Calculate 97 - 97 - (-4 + (21 - (2 - 3 - -1))).
-17
-3 - (-7 - (-87 - 10 - 1 - 18))
-112
Evaluate 5 + -81 + -9 + (-28 - (-3 + -19)).
-91
Evaluate -10 - (-16 + (476 - 564 - (0 + -18))).
76
What is 0 + (-3 - -25) + (-33 - -39)?
28
What is the value of -32 - 2 - (-54 - 39 - -79)?
-20
-1039 + 1017 - (0 - 20)
-2
What is 7 + -76 + 1 + (20 + -12 + 4 - 9)?
-65
Calculate -28 - -44 - (60 + -51) - -7.
14
-21 + -8 + 23 + 35 + 13
42
What is the value of (-57 - -7) + 42 - 35?
-43
Calculate -10 - (10 - (-93 - -97)).
-16
Calculate (-1 - 11 - (-137 - -146)) + 0 - 2.
-23
What is -1549 - -1500 - (-4 - 2)?
-43
Evaluate 0 + 57 - (14 + (-26 - -8) + 15).
46
What is the value of 13 + 2 + (-117 - -81) + 25?
4
What is -7 - 47 - (164 + -201)?
-17
Calculate (-517 - -538) + -2 + -24.
-5
Calculate (25 - 11 - (-27 + 30)) + -16.
-5
3 + 12 + (14 - 0)
29
Evaluate 56 - ((9 - (0 + -13 - -2)) + -13).
49
Evaluate 112 + -75 - 150 - -201.
88
Evaluate -18 - (-105 + -27 + 15 - (-26 + 12)).
85
Calculate (-13 - -9 - -18) + 4 + -18 - -92.
92
Evaluate -173 + 169 - (-1 + -13 + 19).
-9
What is -46 + -100 + -51 + 224?
27
Evaluate (-1 - -4) + 39 + (-5 - 5) + -15.
17
Evaluate 31 + -20 + (-7 - (26 - (-4 - -1) - -8)).
-33
(1 + -5 + -2 + -1 - -6) + -10 + -32
-43
Evaluate -1 - -11 - -41 - 84.
-33
What is -8 + -22 + -17 + -6 + 46?
-7
Evaluate -41 + -4 + (-26 + 4 - -26).
-41
What is -64 + (-19 - (-30 + 20 - 17))?
-56
What is 7 + -14 + 18 + (-24 - -28) + -50 - 15?
-50
What is the value of (-14 - ((-8 - -7) + 4)) + -368 + 340?
-45
((-9 - -28) + -27 - -8) + -11
-11
Evaluate 32 + (13 - 1 - (-2 - (22 + -3 - 21))).
44
What is 1 + (-8 - -23) + -6 + 10 + -7?
13
What is (4530 - 4485) + -1 + 12?
56
Evaluate -116 + 105 - (3 + -15 - 1) - -28.
30
Evaluate 8 + (0 - -1 - (4 + -12) - 0) + -49.
-32
Evaluate 272 + -745 + 433 + 140 + -1.
99
What is 51 + (-34 - -21) - (8 + -1)?
31
Calculate (-102 + 114 - (-72 + -4)) + (-1 - 0).
87
What is the value of -18 - (58 + (-7 - -14) + 9) - (-6 - -1)?
-87
Evaluate 78 + -16 + -51 - (-2 - (3 - 46)).
-30
What is (15 - 7 - 14) + -10 + -38 + -21?
-75
What is the value of (8 - -14) + 4 + (-26 - -3) + 6 - -24?
33
Evaluate (-44 - (123 + -86)) + 161.
80
Calculate 25 - 0 - (102 - (22 - 3)).
-58
Evaluate -111 - (52 - (52 + 55)).
-56
What is the value of 8 + -87 + 50 + 19?
-10
What is the value of -82 + 43 + 41 + -8 + -42?
-48
Calculate 59 + (0 - -2) + (1 - 7) + (9072 - 9074).
53
What is -149 + (-215 - -323) + (1 - -70)?
30
29 + (6 - 3) + -12 + -10 + -4 + 16
22
Evaluate -32 - ((-3 - 39) + -2).
12
Evaluate (-12 - -42) + -4 - 13 - -6 - (-5 - -11).
13
Evaluate -18 - -4 - (-14 + 7 + 20) - -2.
-25
Evaluate 0 + -15 - (121 - (40 - (-38 + 39))).
-97
Evaluate 1 - (-14 + (-4 - (-10 - 16))).
-7
What is the value of -11 + 6 + -2 - (39 + -29 - 45)?
28
(23 + -53 + 12 - -20) + 7
9
(21 - 21) + -40 - -23 - 22
-39
What is -37 + (-133 - -182 - -85)?
97
What is 34 + -106 + -7 + 19 + 17?
-43
Evaluate -46 - ((-12 - -17) + -76 + 42).
-17
What is the value of -11 + (3 + -1 + 0 - (-12 + -26 + 17))?
12
-17 + 10 + 49 + (-6 - -2)
38
Wh